mon divisor of 38340 and 15?
15
Calculate the greatest common factor of 8 and 972.
4
What is the highest common divisor of 148 and 1448?
4
What is the greatest common factor of 28 and 35?
7
What is the highest common factor of 24 and 132?
12
What is the greatest common divisor of 135 and 105?
15
What is the highest common factor of 11925 and 5247?
477
Calculate the greatest common factor of 351 and 18.
9
What is the greatest common factor of 469 and 21?
7
What is the highest common factor of 188 and 4?
4
What is the highest common divisor of 85 and 10?
5
What is the highest common factor of 7460 and 20?
20
What is the greatest common factor of 228 and 6156?
228
What is the highest common factor of 16328 and 208?
104
Calculate the greatest common divisor of 663 and 969.
51
What is the greatest common divisor of 96 and 12?
12
What is the greatest common divisor of 218 and 2943?
109
Calculate the greatest common divisor of 14 and 4158.
14
Calculate the greatest common factor of 132 and 6.
6
Calculate the greatest common divisor of 90 and 6570.
90
Calculate the highest common divisor of 36 and 84.
12
What is the highest common factor of 63 and 18?
9
Calculate the greatest common divisor of 223 and 2899.
223
Calculate the greatest common factor of 187 and 153.
17
Calculate the highest common divisor of 147 and 28.
7
What is the greatest common factor of 20 and 540?
20
What is the highest common divisor of 12 and 2292?
12
What is the highest common divisor of 976 and 61?
61
What is the highest common divisor of 170 and 155?
5
Calculate the highest common factor of 2282 and 14.
14
What is the highest common divisor of 6 and 978?
6
Calculate the greatest common factor of 2948 and 1276.
44
What is the highest common divisor of 90 and 3330?
90
What is the greatest common factor of 2080 and 15?
5
Calculate the greatest common divisor of 104 and 23192.
104
Calculate the highest common factor of 2 and 26.
2
What is the greatest common factor of 54 and 4?
2
Calculate the highest common divisor of 16064 and 16.
16
Calculate the greatest common divisor of 7683 and 39.
39
What is the greatest common divisor of 3283 and 201?
67
What is the greatest common divisor of 1195 and 3346?
239
Calculate the highest common divisor of 36 and 684.
36
What is the greatest common factor of 264 and 24?
24
What is the greatest common divisor of 273 and 728?
91
Calculate the greatest common factor of 14 and 1.
1
What is the greatest common divisor of 13272 and 21?
21
What is the greatest common factor of 550 and 154?
22
Calculate the greatest common factor of 388 and 2619.
97
What is the greatest common factor of 18 and 801?
9
What is the highest common divisor of 350 and 70?
70
Calculate the greatest common divisor of 63 and 1113.
21
Calculate the greatest common factor of 774 and 144.
18
What is the highest common divisor of 6636 and 252?
84
What is the highest common divisor of 106 and 2?
2
What is the greatest common divisor of 48 and 60?
12
What is the greatest common factor of 605 and 99?
11
Calculate the greatest common factor of 57 and 209.
19
What is the greatest common factor of 28 and 63?
7
What is the highest common factor of 114 and 38?
38
What is the greatest common divisor of 225 and 405?
45
What is the highest common factor of 1312 and 224?
32
What is the highest common factor of 1099 and 7?
7
What is the greatest common divisor of 198 and 126?
18
What is the highest common factor of 300 and 140?
20
Calculate the highest common divisor of 384 and 5616.
48
What is the greatest common factor of 1421 and 87?
29
What is the highest common factor of 38 and 1406?
38
What is the greatest common divisor of 554 and 46813?
277
Calculate the highest common factor of 319 and 29.
29
What is the highest common factor of 296 and 72?
8
What is the greatest common divisor of 42 and 308?
14
Calculate the highest common divisor of 108 and 84.
12
What is the greatest common divisor of 259 and 14?
7
What is the highest common divisor of 2453 and 99?
11
What is the greatest common factor of 1718 and 1?
1
Calculate the highest common divisor of 64 and 24.
8
What is the greatest common factor of 224 and 28?
28
What is the highest common divisor of 52 and 8?
4
What is the greatest common factor of 70 and 10?
10
Calculate the greatest common factor of 186 and 4929.
93
Calculate the highest common factor of 4 and 2986.
2
Calculate the greatest common divisor of 96 and 128.
32
What is the greatest common factor of 1188 and 756?
108
What is the highest common divisor of 147 and 6713?
49
What is the highest common divisor of 11 and 583?
11
Calculate the highest common factor of 30 and 90.
30
Calculate the highest common factor of 22 and 2.
2
What is the greatest common divisor of 354 and 944?
118
What is the highest common divisor of 414 and 276?
138
Calculate the highest common divisor of 2584 and 340.
68
Calculate the highest common divisor of 406 and 870.
58
Calculate the greatest common divisor of 38900 and 100.
100
What is the highest common factor of 1635 and 60?
15
Calculate the greatest common factor of 8 and 10264.
8
Calculate the highest common divisor of 60 and 36.
12
Calculate the greatest common divisor of 76 and 532.
76
What is the greatest common factor of 640 and 10?
10
Calculate the greatest common divisor of 92 and 506.
46
What is the highest common factor of 33 and 21219?
33
What is the greatest common factor of 11 and 7?
1
Calculate the greatest common divisor of 464 and 12296.
232
Calculate the highest common divisor of 120 and 2200.
40
What is the highest common divisor of 35 and 217?
7
What is the greatest common factor of 11 and 451?
11
Calculate the greatest common divisor of 56 and 42.
14
Calculate the highest common divisor of 205 and 17015.
205
Calculate the greatest common factor of 204 and 1530.
102
Calculate the highest common divisor of 333 and 8917.
37
What is the greatest common divisor of 1395 and 90?
45
Calculate the greatest common divisor of 183 and 9.
3
What is the greatest common divisor of 260 and 10?
10
What is the greatest common factor of 219 and 7957?
73
What is the highest common factor of 12 and 294?
6
Calculate the highest common factor of 168 and 852.
12
Calculate the highest common divisor of 3296 and 32.
32
Calculate the greatest common factor of 46 and 253.
23
What is the greatest common factor of 30 and 33?
3
What is the highest common divisor of 570 and 12?
6
Calculate the greatest common factor of 140 and 1330.
70
What is the highest common divisor of 1 and 41?
1
Calculate the greatest common factor of 40 and 56.
8
What is the highest common factor of 55 and 2585?
55
What is the highest common factor of 67 and 2881?
67
What is the highest common divisor of 225 and 90?
45
What is the greatest common factor of 21 and 63504?
21
What is the greatest common factor of 7500 and 12?
12
Calculate the highest common factor of 441 and 672.
21
Calculate the highest common factor of 240 and 2960.
80
What is the greatest common divisor of 46 and 207?
23
What is the greatest common factor of 85457 and 97?
97
What is the greatest common divisor of 6592 and 32?
32
What is the highest common factor of 164 and 27716?
164
Calculate the highest common factor of 351 and 39.
39
What is the greatest common divisor of 28 and 133?
7
What is the highest common divisor of 16422 and 42?
42
What is the greatest common divisor of 54 and 6?
6
Calculate the greatest common factor of 435 and 15.
15
What is the highest common factor of 221 and 2431?
221
Calculate the highest common divisor of 18 and 48.
6
What is the greatest common divisor of 20 and 6490?
10
Calculate the highest common divisor of 15 and 915.
15
Calculate the greatest common divisor of 648 and 88.
8
Calculate the highest common divisor of 690 and 435.
15
What is the highest common factor of 763 and 7?
7
Calculate the highest common divisor of 42395 and 61.
61
What is the greatest common divisor of 153 and 3876?
51
What is the greatest common divisor of 420 and 315?
105
Calculate the highest common factor of 1127 and 4312.
49
What is the highest common factor of 28 and 700?
28
What is the greatest common divisor of 4 and 244?
4
Calculate the greatest common divisor of 80 and 110.
10
What is the great